alculate o(14).
1167
Let u(k) = -2*k**3 + 287*k**2 - 453*k + 86141. Give u(144).
173
Let o(a) = -6806*a - 2756425. Calculate o(-405).
5
Let l(x) = -x**3 + 106*x**2 - 501*x - 339. What is l(101)?
65
Let q(c) = -6621*c - 79481. Determine q(-12).
-29
Let o(t) = -135*t**2 - 3774*t + 50. Calculate o(-28).
-118
Let h(x) = -85*x**2 - 2801*x + 2953. Determine h(-34).
-73
Let i(v) = 963*v - 62629. Determine i(65).
-34
Let d(j) = -103329*j - 723306. What is d(-7)?
-3
Let r(g) = -6*g**3 - 6651*g**2 + 3344*g + 18795. Calculate r(-1109).
-58
Let p(o) = -2*o**2 - 224*o + 2619. What is p(14)?
-909
Let v(x) = 931*x**2 + 475770*x + 14811. What is v(-511)?
-8
Let b(w) = 327*w**2 + 1739*w + 1769. Determine b(-4).
45
Let g(f) = -431879*f - 4318785. Calculate g(-10).
5
Let i(o) = -2134*o**2 - 8538*o - 6. Give i(-4).
2
Let d(t) = 54*t**2 - 8464*t - 1962. What is d(157)?
236
Let f(n) = -1931*n + 588953. Calculate f(305).
-2
Let t(j) = j**3 + 27*j**2 - 92*j - 4472. What is t(-22)?
-28
Let i(p) = -1037*p**2 - 399243*p + 774. Calculate i(-385).
4
Let c(g) = -15546*g - 683996. What is c(-44)?
28
Let b(y) = 74947*y + 1798735. Determine b(-24).
7
Let h(w) = 90*w - 6563. What is h(71)?
-173
Let g(m) = -m**3 - 206*m**2 - 4964*m + 3600. Give g(-178).
40
Let n(r) = 8*r**3 - 189*r**2 - 280*r + 177. Determine n(25).
52
Let y(f) = f**2 - 68*f + 1800. Calculate y(32).
648
Let x(z) = -z**3 + 41*z**2 + 120*z - 3542. Calculate x(42).
-266
Let d(z) = -1710927*z + 23952998. Determine d(14).
20
Let a(c) = 53*c + 4133. What is a(-75)?
158
Let b(y) = 2*y**3 + 13*y**2 + 11*y - 62. Give b(-8).
-342
Let x(b) = -11*b**2 - 100*b + 732. Give x(5).
-43
Let q(r) = 6705*r - 108017. What is q(16)?
-737
Let c(o) = 77857*o - 13157832. Calculate c(169).
1
Let v(a) = a**3 + 39*a**2 - 364*a - 4283. What is v(-45)?
-53
Let v(b) = -19*b**3 - 17*b**2 + 11*b + 85. Determine v(-3).
412
Let o(g) = -g**2 - 2327*g - 138261. Give o(-61).
-35
Let w(h) = 19*h**2 + 7185*h - 142129. Determine w(-397).
-3
Let f(i) = -920*i + 27559. What is f(30)?
-41
Let l(y) = -235*y - 8074. What is l(-35)?
151
Let m(v) = -v**3 + 37*v**2 + 77*v - 409. Calculate m(39).
-448
Let v(f) = -4*f**2 + 109*f - 454. Give v(22).
8
Let x(l) = 3*l**2 - 522*l - 342712. What is x(436)?
-16
Let z(a) = -6148*a**2 + 135244*a + 260. Determine z(22).
-4
Let h(c) = -c**2 + 512*c + 132510. Give h(-189).
21
Let y(z) = -z**3 - 1476*z**2 + 10409*z + 41535. Give y(-1483).
11
Let o(r) = -31981*r - 415782. Determine o(-13).
-29
Let a(y) = -9*y**3 + 1269*y**2 + 239*y - 33638. Calculate a(141).
61
Let g(x) = x**2 - 54*x + 313. What is g(42)?
-191
Let k(b) = b**2 + 630*b - 552023. Give k(492).
1
Let f(g) = -1470*g + 41749. Calculate f(28).
589
Let j(t) = -t**3 - 25*t**2 + 80*t - 150. Calculate j(-28).
-38
Let k(w) = 3988*w - 116. Determine k(0).
-116
Let d(l) = -l**3 - 1078*l**2 - 1990*l + 174300. Calculate d(-1076).
-12
Let g(l) = -3374*l - 37585. What is g(-11)?
-471
Let w(i) = 16771*i**2 + 67100*i + 87. Determine w(-4).
23
Let w(p) = -p**2 + 152845*p + 917106. Give w(-6).
0
Let s(n) = -4*n - 801. Give s(-51).
-597
Let w(l) = -8135*l - 1114500. Give w(-137).
-5
Let l(d) = -d**3 - 64*d**2 + 1194*d + 39215. Give l(-73).
14
Let s(f) = -f**3 + 4*f**2 + 18*f + 95. Give s(8).
-17
Let h(i) = -484*i + 9157. Determine h(22).
-1491
Let r(w) = -417293*w + 10432309. Give r(25).
-16
Let n(i) = 19*i - 5907. Give n(317).
116
Let l(w) = -3*w**2 + 18*w - 78. What is l(8)?
-126
Let j(r) = 20*r**2 + 22081*r + 22079. Give j(-1).
18
Let t(m) = -m**2 - 1686*m - 23410. Give t(-14).
-2
Let u(m) = 5*m**3 + 101*m**2 + 38*m - 187. Give u(-21).
-2749
Let w(z) = 131*z - 30286. Calculate w(231).
-25
Let s(u) = 3*u**3 + 4*u**2 - 2*u - 160. Give s(4).
88
Let i(x) = -x**3 - 46*x**2 - 2664*x - 113349. Give i(-44).
-5
Let o(b) = -26*b**2 - 462*b - 1831. Determine o(-6).
5
Let u(v) = -v**2 - 81391*v + 651200. Calculate u(8).
8
Let d(g) = -g**3 - 149*g**2 - 4993*g + 22408. Determine d(4).
-12
Let v(l) = -2*l**2 + 124*l + 768. What is v(-6)?
-48
Let z(k) = 3*k**3 - 124*k**2 + 252*k + 827. Calculate z(39).
8
Let z(h) = 2*h**3 + 181*h**2 + 597*h - 1031. Determine z(-87).
13
Let p(g) = 3*g**3 - 119*g**2 - 392*g - 305. Calculate p(-2).
-21
Let b(x) = 15*x**3 + 184*x**2 + 221*x + 84. Give b(-11).
-48
Let q(w) = -2*w**3 - 119*w**2 - 1365*w - 261. Determine q(-15).
189
Let t(a) = -1983*a + 10105. What is t(5)?
190
Let r(f) = -7*f**2 - 495*f + 715. Calculate r(-72).
67
Let m(t) = -t**3 - 86*t**2 - 454*t - 24480. What is m(-84)?
-456
Let w(n) = -4038*n - 339194. Calculate w(-84).
-2
Let d(x) = -x**2 - 82*x - 1529. Give d(-28).
-17
Let x(v) = -v**2 - 363627*v + 2545430. Calculate x(7).
-8
Let v(a) = -202*a - 9704. Give v(-48).
-8
Let d(t) = 2*t**2 + 22192*t + 133095. Calculate d(-6).
15
Let x(t) = 6*t**2 + 403*t - 120111. What is x(-179)?
-2
Let h(p) = p**3 - 26*p**2 - 36*p + 2061. Calculate h(24).
45
Let q(i) = 2*i**2 + 96*i - 684. Determine q(-55).
86
Let v(h) = 18*h**2 - 846*h - 9066. What is v(56)?
6
Let k(s) = -1124*s + 23210. Determine k(21).
-394
Let v(b) = b**2 + 1024*b - 104792. Calculate v(94).
300
Let v(q) = 357038*q + 6069626. Determine v(-17).
-20
Let b(g) = -g**3 + 175*g**2 + 2448*g + 65. Calculate b(-13).
13
Let x(o) = 4427*o + 332050. Calculate x(-75).
25
Let s(z) = 49*z**3 + 346*z**2 - 944*z - 6771. What is s(-7)?
-16
Let i(a) = -3*a**2 - 159727*a + 17445890. What is i(109)?
4
Let d(g) = -610*g**2 + 7283*g + 453. What is d(12)?
9
Let j(z) = -122*z + 2500. Give j(24).
-428
Let w(y) = -86*y**2 + 38*y - 80. Give w(-6).
-3404
Let s(r) = -r**2 - 246*r + 703982. Give s(725).
7
Let c(f) = 40*f**2 - 874*f - 141. Give c(22).
-9
Let f(r) = -16*r**2 - 8246*r + 21766. What is f(-518)?
10
Let o(q) = -3*q**2 - 226*q + 5744. Calculate o(20).
24
Let q(t) = -10*t**3 + t**2 - 6*t - 12. Give q(-2).
84
Let k(z) = 2*z**2 - 711*z - 283338. Determine k(594).
0
Let t(r) = 452*r**2 - 43*r - 12. Determine t(0).
-12
Let m(v) = -668*v + 24062. Give m(36).
14
Let d(v) = 5046*v**3 - 25233*v**2 + 13*v - 3. What is d(5)?
-13
Let z(f) = 16*f**2 - 4265*f + 1645. What is z(265)?
-4980
Let s(w) = 3*w**3 + 37*w**2 + 116*w - 46. Calculate s(-4).
-110
Let a(v) = v**3 + 5*v**2 - 20*v + 150. Determine a(7).
598
Let r(x) = -29884*x - 537884. Give r(-18).
28
Let z(b) = 332*b - 34794. Calculate z(105).
66
Let h(y) = -2148*y + 18885. Calculate h(9).
-447
Let r(w) = -4*w**3 - 81*w**2 - 525*w - 34. Calculate r(-8).
1030
Let t(y) = -y**2 - 11228*y + 33687. What is t(3)?
-6
Let p(h) = -6226*h + 81423. Calculate p(13).
485
Let i(x) = -293*x + 7909. Calculate i(15).
3514
Let k(y) = 5*y - 1853. Give k(-37).
-2038
Let h(d) = d**2 - 1489655*d + 28303090. Determine h(19).
6
Let u(s) = -414*s**2 + 492*s - 102. What is u(1)?
-24
Let c(m) = -7*m**2 + 56*m + 57. What is c(-1)?
-6
Let m(z) = -2*z**3 + 45*z**2 + 22*z + 306. Determine m(24).
-894
Let d(z) = -19*z**2 + 490*z + 18605. Calculate d(-21).
-64
Let h(i) = 79402*i - 1349836. Give h(17).
-2
Let r(o) = -o**2 + 263*o - 7078. What is r(30)?
-88
Let b(o) = o**2 + 263*o - 36310. Determine b(100).
-10
Let t(z) = -6791174*z - 54329398. Calculate t(-8).
-6
Let b(r) = 54599*r + 2511555. Calculate b(-46).
1
Let q(u) = 3644*u - 1578. Calculate q(1).
2066
Let t(x) = -433*x - 9517. Give t(-22).
9
Let h(i) = i**3 - 10*i**2 + 10*i + 299. Determine h(-8).
-933
Let t(r) = -13*r**3 - 42*r**2 - 55*r - 4. Determine t(-2).
42
Let f(r) = 4*r**3 + 509*r**2 - 8373*r + 340. What is f(-142)?
-370
Let q(a) = -385*a - 191362. What is q(-497)?
-17
Let v(x) = x**2 - 647*x + 8192. Give v(13).
-50
Let r(s) = 6*s**3 + 11*s**2 - 2*s + 25. Calculate r(-4).
-175
Let n(x) = -8*x**2 - 1175*x - 23275. What is n(-20)?
-2975
Let l(a) = -1168*a**2 - 6991*a + 59. Give l(-6).
-43
Let c(b) = 576*b - 510. Determine c(1).
66
Let m(d) = -24*d**2 + 17*d + 1286. What is m(-7)?
-9
Let g(r) = -r**3 - 4*r**2 - 1362*r - 12647. Give g(-9).
16
Let h(x) = x**2 - 5454*x + 48983. What is h(9)?
-22
Let i(g) = 1749*g + 274600. Calculate i(-157).
7
Let z(k) = -83*k**3 - 7*k**2 - 6*k + 2. Determine z(-2).
650
Let x(q) = -q**3 + 123*q**2 + 1195*q - 918. What is x(132)?
6
Let a(s) = -380*s**2 - 77140*s + 95. Determine a(-203).
95
Let b(c) = c**2 + 6171*c + 672645. Calculate b(-111).
-15
Let z(x) = 93*x + 18349. Determine z(-197).
28
Let k(q) = 5*q**2 -